{"id":10,"date":"2025-06-25T17:45:07","date_gmt":"2025-06-25T17:45:07","guid":{"rendered":"https:\/\/adsees.com.mx\/?page_id=10"},"modified":"2025-06-25T18:22:24","modified_gmt":"2025-06-25T18:22:24","slug":"inicio","status":"publish","type":"page","link":"https:\/\/adsees.com.mx\/","title":{"rendered":"Inicio"},"content":{"rendered":"\n<h2 class=\"wp-block-heading\" data-block-type=\"core\"><em>Acompa\u00f1amos tu negocios, con informaci\u00f3n precisa<\/em><\/h2>\n\n\n\n<p class=\"has-palette-color-4-color has-text-color has-link-color has-medium-font-size wp-elements-a8315d810b0eba547a9c14f139ca213a\" data-block-type=\"core\"><em>Contamos en la industria de investigaci\u00f3n, proveemos a los negocios con datos relevantes de sus clientes y el mercado, facilitando la toma de decisiones y la accion estrat\u00e9gica.<\/em><\/p>\n\n\n\n<div class=\"wp-block-stackable-columns alignwide stk-block-columns stk-block stk-7582e52\" data-block-id=\"7582e52\"><div class=\"stk-row stk-inner-blocks stk-block-content stk-content-align stk-7582e52-column alignwide\">\n<div class=\"wp-block-stackable-column stk-block-column stk-column stk-block stk-df48b2f\" data-v=\"4\" data-block-id=\"df48b2f\"><div class=\"stk-column-wrapper stk-block-column__content stk-container stk-df48b2f-container stk--no-background stk--no-padding\"><div class=\"stk-block-content stk-inner-blocks stk-df48b2f-inner-blocks\">\n<div class=\"wp-block-stackable-columns stk-block-columns stk-block stk-dd476c8 stk-block-background\" data-block-id=\"dd476c8\"><style>.stk-dd476c8 {background-color:var(--theme-palette-color-5, #e1e8ed) !important;margin-bottom:9px !important;}.stk-dd476c8:before{background-color:var(--theme-palette-color-5, #e1e8ed) !important;}.stk-dd476c8-column{--stk-column-gap:48px !important;}<\/style><div class=\"stk-row stk-inner-blocks stk-block-content stk-content-align stk-dd476c8-column\">\n<div class=\"wp-block-stackable-column stk-block-column stk-column stk-block stk-f608572\" data-v=\"4\" data-block-id=\"f608572\"><div class=\"stk-column-wrapper stk-block-column__content stk-container stk-f608572-container stk--no-background stk--no-padding\"><div class=\"stk-block-content stk-inner-blocks stk-f608572-inner-blocks\">\n<figure class=\"wp-block-image aligncenter size-full\" data-block-type=\"core\"><img loading=\"lazy\" decoding=\"async\" width=\"612\" height=\"408\" src=\"https:\/\/adsees.com.mx\/wp-content\/uploads\/2025\/06\/image.png\" alt=\"\" class=\"wp-image-29\" srcset=\"https:\/\/adsees.com.mx\/wp-content\/uploads\/2025\/06\/image.png 612w, https:\/\/adsees.com.mx\/wp-content\/uploads\/2025\/06\/image-300x200.png 300w\" sizes=\"auto, (max-width: 612px) 100vw, 612px\" \/><\/figure>\n<\/div><\/div><\/div>\n\n\n\n<div class=\"wp-block-stackable-column stk-block-column stk-column stk-block stk-cbdd217\" data-v=\"4\" data-block-id=\"cbdd217\"><style>.stk-cbdd217-inner-blocks{justify-content:center !important;}.stk-cbdd217-container{display:flex !important;}<\/style><div class=\"stk-column-wrapper stk-block-column__content stk-container stk-cbdd217-container stk--no-background stk--no-padding\"><div class=\"stk-block-content stk-inner-blocks stk-cbdd217-inner-blocks\">\n<div class=\"wp-block-stackable-heading stk-block-heading stk-block-heading--v2 stk-block stk-74c5cce\" id=\"em-agencia-de-investigacion-de-mercados-con-soluciones-hechas-para-tu-negocio-em\" data-block-id=\"74c5cce\"><h2 class=\"stk-block-heading__text\"><em>Agencia de investigaci\u00f3n de mercados con soluciones hechas para tu negocio<\/em><\/h2><\/div>\n\n\n\n<div class=\"wp-block-stackable-text stk-block-text stk-block stk-112eba0\" data-block-id=\"112eba0\"><style>.stk-112eba0 .stk-block-text__text{font-size:var(--stk--preset--font-size--medium, 20px) !important;color:var(--theme-palette-color-4, #192a3d) !important;}@media screen and (max-width:999px){.stk-112eba0 .stk-block-text__text{font-size:var(--stk--preset--font-size--medium, 20px) !important;}}<\/style><p class=\"stk-block-text__text has-text-color\"><em>Estudios de investigaci\u00f3n de mercados dise\u00f1ados a la medida de tus necesidades y las de tu negocio.\u00a0\u00c1gil, eficiente, accesible y accionable.<\/em><\/p><\/div>\n<\/div><\/div><\/div>\n<\/div><\/div>\n\n\n\n<div class=\"wp-block-stackable-columns stk-block-columns stk-block stk-d833b3d\" data-block-id=\"d833b3d\"><div class=\"stk-row stk-inner-blocks stk-block-content stk-content-align stk-d833b3d-column\">\n<div class=\"wp-block-stackable-column stk-block-column stk-column stk-block stk-548d7ef stk-block-background\" data-v=\"4\" data-block-id=\"548d7ef\"><style>.stk-548d7ef {background-color:var(--theme-palette-color-5, #e1e8ed) !important;}.stk-548d7ef:before{background-color:var(--theme-palette-color-5, #e1e8ed) !important;}<\/style><div class=\"stk-column-wrapper stk-block-column__content stk-container stk-548d7ef-container stk--no-background stk--no-padding\"><div class=\"stk-block-content stk-inner-blocks stk-548d7ef-inner-blocks\">\n<figure class=\"wp-block-image aligncenter size-full is-resized\" data-block-type=\"core\"><img loading=\"lazy\" decoding=\"async\" width=\"245\" height=\"192\" src=\"https:\/\/adsees.com.mx\/wp-content\/uploads\/2025\/06\/image-1.png\" alt=\"\" class=\"wp-image-33\" style=\"width:299px;height:auto\"\/><\/figure>\n\n\n\n<div class=\"wp-block-stackable-text stk-block-text stk-block stk-a760cf6\" data-block-id=\"a760cf6\"><style>.stk-a760cf6 .stk-block-text__text{font-size:var(--stk--preset--font-size--medium, 20px) !important;color:#000000 !important;}@media screen and (max-width:999px){.stk-a760cf6 .stk-block-text__text{font-size:var(--stk--preset--font-size--medium, 20px) !important;}}<\/style><p class=\"stk-block-text__text has-text-color has-text-align-center\">Estudios de mercado con un objetivo \u00fanico, hecho a la medida para tu negocio.<\/p><\/div>\n\n\n\n<p class=\"has-text-align-center has-medium-font-size\" data-block-type=\"core\"><em><strong>\u00a1Toma decisiones acertadas con la informaci\u00f3n adecuada!<\/strong><\/em><\/p>\n<\/div><\/div><\/div>\n\n\n\n<div class=\"wp-block-stackable-column stk-block-column stk-column stk-block stk-6c13b6b stk-block-background\" data-v=\"4\" data-block-id=\"6c13b6b\"><style>.stk-6c13b6b {background-color:var(--theme-palette-color-5, #e1e8ed) !important;}.stk-6c13b6b:before{background-color:var(--theme-palette-color-5, #e1e8ed) !important;}<\/style><div class=\"stk-column-wrapper stk-block-column__content stk-container stk-6c13b6b-container stk--no-background stk--no-padding\"><div class=\"stk-block-content stk-inner-blocks stk-6c13b6b-inner-blocks\">\n<figure class=\"wp-block-image size-full\" data-block-type=\"core\"><img loading=\"lazy\" decoding=\"async\" width=\"286\" height=\"217\" src=\"https:\/\/adsees.com.mx\/wp-content\/uploads\/2025\/06\/image-2.png\" alt=\"\" class=\"wp-image-34\"\/><\/figure>\n\n\n\n<div class=\"wp-block-stackable-text stk-block-text stk-block stk-8d6d908\" data-block-id=\"8d6d908\"><style>.stk-8d6d908 .stk-block-text__text{font-size:var(--stk--preset--font-size--medium, 20px) !important;color:#000000 !important;}@media screen and (max-width:999px){.stk-8d6d908 .stk-block-text__text{font-size:var(--stk--preset--font-size--medium, 20px) !important;}}<\/style><p class=\"stk-block-text__text has-text-color has-text-align-center\"><em>Captura de datos peri\u00f3dicos, en vigilancia de tu mercado, producto y competencia.<\/em><\/p><\/div>\n\n\n\n<p class=\"has-text-align-center has-medium-font-size\" data-block-type=\"core\"><em><strong>\u00a1No pierdas de vista tu marca, conoce d\u00f3nde est\u00e1s en todo momento!<\/strong><\/em><\/p>\n<\/div><\/div><\/div>\n\n\n\n<div class=\"wp-block-stackable-column stk-block-column stk-column stk-block stk-01056a9 stk-block-background\" data-v=\"4\" data-block-id=\"01056a9\"><style>.stk-01056a9 {background-color:var(--theme-palette-color-5, #e1e8ed) !important;}.stk-01056a9:before{background-color:var(--theme-palette-color-5, #e1e8ed) !important;}<\/style><div class=\"stk-column-wrapper stk-block-column__content stk-container stk-01056a9-container stk--no-background stk--no-padding\"><div class=\"stk-block-content stk-inner-blocks stk-01056a9-inner-blocks\">\n<figure class=\"wp-block-image size-full\" data-block-type=\"core\"><img loading=\"lazy\" decoding=\"async\" width=\"266\" height=\"240\" src=\"https:\/\/adsees.com.mx\/wp-content\/uploads\/2025\/06\/image-3.png\" alt=\"\" class=\"wp-image-35\"\/><\/figure>\n\n\n\n<div class=\"wp-block-stackable-text stk-block-text stk-block stk-027b4cd\" data-block-id=\"027b4cd\"><style>.stk-027b4cd .stk-block-text__text{font-size:var(--stk--preset--font-size--medium, 20px) !important;color:#000000 !important;}@media screen and (max-width:999px){.stk-027b4cd .stk-block-text__text{font-size:var(--stk--preset--font-size--medium, 20px) !important;}}<\/style><p class=\"stk-block-text__text has-text-color has-text-align-center\"><em>An\u00e1lisis de datos secundarios del mercado: datos internos, p\u00fablicos y privados.<\/em><\/p><\/div>\n\n\n\n<p class=\"has-medium-font-size\" data-block-type=\"core\"><em><strong>\u00a1Comienza hoy a capitalizar tu informaci\u00f3n!<\/strong><\/em><\/p>\n<\/div><\/div><\/div>\n<\/div><\/div>\n<\/div><\/div><\/div>\n<\/div><\/div>\n\n\n\n<p data-block-type=\"core\"><\/p>\n","protected":false},"excerpt":{"rendered":"<p>Acompa\u00f1amos tu negocios, con informaci\u00f3n precisa Contamos en la industria de investigaci\u00f3n, proveemos a los negocios con datos relevantes de sus clientes y el mercado, facilitando la toma de decisiones y la accion estrat\u00e9gica. Agencia de investigaci\u00f3n de mercados con soluciones hechas para tu negocio Estudios de investigaci\u00f3n de mercados dise\u00f1ados a la medida de [&hellip;]<\/p>\n","protected":false},"author":1,"featured_media":0,"parent":0,"menu_order":0,"comment_status":"closed","ping_status":"closed","template":"","meta":{"footnotes":""},"class_list":["post-10","page","type-page","status-publish","hentry"],"blocksy_meta":{"has_hero_section":"disabled","styles_descriptor":{"styles":{"desktop":"","tablet":"","mobile":""},"google_fonts":[],"version":6}},"_links":{"self":[{"href":"https:\/\/adsees.com.mx\/index.php\/wp-json\/wp\/v2\/pages\/10","targetHints":{"allow":["GET"]}}],"collection":[{"href":"https:\/\/adsees.com.mx\/index.php\/wp-json\/wp\/v2\/pages"}],"about":[{"href":"https:\/\/adsees.com.mx\/index.php\/wp-json\/wp\/v2\/types\/page"}],"author":[{"embeddable":true,"href":"https:\/\/adsees.com.mx\/index.php\/wp-json\/wp\/v2\/users\/1"}],"replies":[{"embeddable":true,"href":"https:\/\/adsees.com.mx\/index.php\/wp-json\/wp\/v2\/comments?post=10"}],"version-history":[{"count":8,"href":"https:\/\/adsees.com.mx\/index.php\/wp-json\/wp\/v2\/pages\/10\/revisions"}],"predecessor-version":[{"id":39,"href":"https:\/\/adsees.com.mx\/index.php\/wp-json\/wp\/v2\/pages\/10\/revisions\/39"}],"wp:attachment":[{"href":"https:\/\/adsees.com.mx\/index.php\/wp-json\/wp\/v2\/media?parent=10"}],"curies":[{"name":"wp","href":"https:\/\/api.w.org\/{rel}","templated":true}]}}